8
What is the thousands digit of 269499105?
9
What is the units digit of 841069295?
5
What is the ten thousands digit of 4784629919?
2
What is the hundred thousands digit of 2705131908?
1
What is the hundred millions digit of 138634779?
1
What is the tens digit of 297031378?
7
What is the hundred thousands digit of 77045683?
0
What is the hundred thousands digit of 826287549?
2
What is the millions digit of 1399625177?
9
What is the units digit of 403757498?
8
What is the units digit of 486999279?
9
What is the hundred millions digit of 563781504?
5
What is the millions digit of 2353605414?
3
What is the tens digit of 35027145?
4
What is the hundred millions digit of 604229668?
6
What is the ten millions digit of 1093123400?
9
What is the hundreds digit of 308492158?
1
What is the ten thousands digit of 24767435?
6
What is the hundred millions digit of 119352996?
1
What is the billions digit of 1780007817?
1
What is the hundred thousands digit of 127791538?
7
What is the hundreds digit of 72197631?
6
What is the hundreds digit of 903154939?
9
What is the hundred millions digit of 176824742?
1
What is the ten thousands digit of 57584333?
8
What is the hundred thousands digit of 859514675?
5
What is the hundred thousands digit of 260467904?
4
What is the hundred millions digit of 202673560?
2
What is the ten millions digit of 44640653?
4
What is the ten millions digit of 328093547?
2
What is the units digit of 303663243?
3
What is the thousands digit of 2712301339?
1
What is the ten thousands digit of 1338857794?
5
What is the tens digit of 205364031?
3
What is the billions digit of 1327815469?
1
What is the tens digit of 58226826?
2
What is the millions digit of 8897701?
8
What is the millions digit of 235244584?
5
What is the millions digit of 20589264?
0
What is the hundreds digit of 7286494?
4
What is the ten thousands digit of 304268555?
6
What is the hundred thousands digit of 1976140779?
1
What is the hundred thousands digit of 161088239?
0
What is the ten millions digit of 62041359?
6
What is the tens digit of 17786142?
4
What is the millions digit of 409599845?
9
What is the units digit of 2600016713?
3
What is the millions digit of 667251012?
7
What is the ten millions digit of 208462026?
0
What is the millions digit of 883528459?
3
What is the units digit of 148907484?
4
What is the ten thousands digit of 108765244?
6
What is the ten millions digit of 693078722?
9
What is the ten thousands digit of 489751098?
5
What is the hundred thousands digit of 181823075?
8
What is the units digit of 195020349?
9
What is the hundred thousands digit of 3040157348?
1
What is the ten thousands digit of 173924967?
2
What is the units digit of 210754005?
5
What is the units digit of 3112010?
0
What is the ten thousands digit of 14205406?
0
What is the ten thousands digit of 218469972?
6
What is the units digit of 454189718?
8
What is the units digit of 878068238?
8
What is the ten millions digit of 617804667?
1
What is the hundreds digit of 2268150158?
1
What is the hundreds digit of 4522669628?
6
What is the ten millions digit of 5356574998?
5
What is the ten millions digit of 5207559334?
0
What is the thousands digit of 37856603?
6
What is the ten millions digit of 29125695?
2
What is the ten thousands digit of 58567581?
6
What is the ten thousands digit of 22738085?
3
What is the units digit of 43956808?
8
What is the millions digit of 1324629616?
4
What is the ten thousands digit of 64993939?
9
What is the hundred thousands digit of 255851647?
8
What is the ten millions digit of 51884624?
5
What is the ten thousands digit of 74929950?
2
What is the thousands digit of 26822326?
2
What is the units digit of 126562194?
4
What is the tens digit of 68693257?
5
What is the ten millions digit of 250268546?
5
What is the ten millions digit of 1155224648?
5
What is the tens digit of 301305145?
4
What is the billions digit of 1730569921?
1
What is the millions digit of 26382486?
6
What is the units digit of 1687027?
7
What is the hundreds digit of 759368348?
3
What is the tens digit of 57099153?
5
What is the tens digit of 129777217?
1
What is the ten millions digit of 620824334?
2
What is the hundred thousands digit of 72277570?
2
What is the tens digit of 69363286?
8
What is the hundred thousands digit of 6279906?
2
What is the units digit of 1959424648?
8
What is the hundred thousands digit of 32331709?
3
What is the thousands digit of 4896621083?
1
What is the units digit of 366906963?
3
What is the millions digit of 185887654?
5
What is the hundred thousands digit of 1494027025?
0
What is the thousands digit of 3138072518?
2
What is the units digit of 6275459025?
5
What is the hundred thousands digit of 115855682?
8
What is the hundreds digit of 949272231?
2
What is the hundred thousands digit of 314959193?
9
What is the ten millions digit of 24794187?
2
What is the ten millions digit of 250387368?
5
What is the ten thousands digit of 1815957600?
5
What is the units digit of 48131995?
5
What is the millions digit of 63524284?
3
What is the hundreds digit of 144474590?
5
What is the hundreds digit of 244692451?
4
What is the ten millions digit of 68559232?
6
What is the hundreds digit of 468234615?
6
What is the hundred millions digit of 158268571?
1
What is the hundred thousands digit of 1394291192?
2
What is the ten millions digit of 2001165021?
0
What is the hundred thousands digit of 6437326?
4
What is the thousands digit of 220968131?
8
What is the hundred thousands digit of 4755542901?
5
What is the thousands digit of 204521153?
1
What is the ten thousands digit of 951415549?
1
What is the hundreds digit of 31823142?
1
What is the hundreds digit of 723362156?
1
What is the thousands digit of 47362099?
2
What is the tens digit of 92365644?
4
What is the units digit of 152767673?
3
What is the hundred millions digit of 122658510?
1
What is the ten millions digit of 27250263?
2
What is the thousands digit of 1445035416?
5
What is the ten thousands digit of 553215255?
1
What is the hundred thousands digit of 24411007?
4
What is the billions digit of 3259454017?
3
What is the thousands digit of 514597365?
7
What is the hundred thousands digit of 223949497?
9
What is the hundreds digit of 4555581700?
7
What is the thousands digit of 385423418?
3
What is the tens digit of 101339738?
3
What is the units digit of 80698212?
2
What is the ten thousands digit of 2958757464?
5
What is the tens digit of 1235748?
4
What is the millions digit of 361402463?
1
What is the hundred thousands digit of 605224743?
2
What is the hundred thousands digit of 22990885?
9
What is the tens digit of 4834927987?
8
What is the hundred thousands digit of 28589241?
5
What is the tens digit of 99489579?
7
What is the hundreds digit of 262369041?
0
What is the hundred millions digit of 253674112?
2
What is the thousands digit of 53447926?
7
What is the ten thousands digit of 122248164?
4
What is the ten thousands digit of 175350608?
5
What is the hundreds digit of 597921998?
9
What is the ten millions digit of 90353323?
9
What is the ten millions digit of 284083665?
8
What is the millions digit of 85370753?
5
What is the hundreds digit of 11610846?
8
What is the millions digit of 3672519340?
2
What is the hundred thousands digit of 44168670?
1
What is the tens digit of 362920966?
6
What is the thousands digit of 42519056?
9
What is the hundred millions digit of 2010107555?
0
What is the hundreds digit of 7890310323?
3
What is the ten thousands digit of 4481166888?
6
What is the ten thousands digit of 5864620913?
2
What is the thousands digit of 1186522489?
2
What is the hundred millions digit of 329824067?
3
What is the tens digit of 314470951?
5
What is the hundreds digit of 2276484887?
8
What is the hundred thousands digit of 102603945?
6
What is the millions digit of 19172708?
9
What is the hundred thousands digit of 610560912?
5
What is the hundreds digit of 166978979?
9
What is the units digit of 115648330?
0
What is the units digit of 747913728?
8
What is the ten millions digit of 10090648?
1
What is the units digit of 692527802?
2
What is the units digit of 483607964?
4
What is the ten thousands digit of 22475614?
7
What is the units digit of 1125401616?
6
What is the ten